{"id":231,"date":"2021-03-26T09:47:04","date_gmt":"2021-03-26T08:47:04","guid":{"rendered":"https:\/\/wbachleitner.ddns.net\/?page_id=231"},"modified":"2025-02-15T11:19:17","modified_gmt":"2025-02-15T10:19:17","slug":"qigong","status":"publish","type":"page","link":"https:\/\/wbachleitner.ddns.net\/index.php\/qigong\/","title":{"rendered":"Qigong"},"content":{"rendered":"\n<p>Es ist faszinierend und l\u00e4sst mich nicht mehr los. Als ich damit in Ber\u00fchrung kam, machte es ein Freund sehr spannend. &#8222;Es ist geheim und ich wei\u00df nicht, ob ich es Dir sagen darf&#8220;. Das war 1993. Seither mache ich es praktisch t\u00e4glich, mit der Ausnahme einer Pause von ca. 5 Jahren. Danach waren meine H\u00fcften kaputt. W\u00e4ren Sie es auch gewesen, wenn ich weiter ge\u00fcbt h\u00e4tte? Das werden wir wohl nie erfahren.<\/p>\n\n\n\n<p>Ich habe hier einiges \u00fcber Qigong zusammengestellt, was aus meiner Sicht wichtig ist. Vielleicht einies noch vorweg. Qigong wird oft mit Yoga verglichen und ich werde auch immer wieder gefragt, wo der Unterschied liegt. Nun, ich denke, es gibt zwei Dinge, die hier wichtig sind. Yoga kommt aus Indien und das ist eine andere Mentalit\u00e4t, als sie in China herrscht, woher Qigong kommt. Der zweite Aspekt ist, dass mit Yogananda in den 20er Jahren des letzten Jahrhunderts Yoga in den Westen kam und seither ziemlich &#8222;verwestlicht&#8220; wurde. In den heutigen Yoga\u00fcbungen steckt oft viel Ehrgeiz, eine bestimmte Stellung zu beherrschen. Das war nie das Ziel von Yoga. Yogananda nannte das Ziel: Die K\u00f6rperhaltung f\u00fcr die Meditation zu erlernen. Und aus.<\/p>\n\n\n\n<p>Qigong ist da anders, da gibt es keinen Ehrgeiz. Es ist aber auch vom Konfuzianismis und Neo-Konfuzianismus gepr\u00e4gt, wo jeder seine Rolle zum Wohle der Gesellschaft einnehmen muss, was diametral dem oben geschilderten Yoga-Bild des Westens entgegensteht.<\/p>\n\n\n\n<p>Unser Gewebe hat eine Eigenschwingung. Diese wird von Experten auf 4-8 pro Minute gesch\u00e4tzt. Bei Naturv\u00f6lkern liegt dieser Wert angeblich bei 2,5 pro Minute. Ist das der Grund, warum wir uns wieder einbremsen m\u00fcssen, wenn wir zu uns selbst finden wollen? M\u00fcssen wir in Einklang mit dieser Frequenz kommen, um in Ruhe, auch um in Meditation zu kommen? Schlie\u00dflich ist das Zwerchfell eine wesentliche Faszie in uns und diese bestimmt den Atemrhythmus (mit).<sup data-fn=\"b23602a0-8c65-405a-adc1-5a23a848cc56\" class=\"fn\"><a href=\"#b23602a0-8c65-405a-adc1-5a23a848cc56\" id=\"b23602a0-8c65-405a-adc1-5a23a848cc56-link\">1<\/a><\/sup><\/p>\n\n\n\n<p>Ein weiterer Aspekt ist in vielen \u00dcbungen die Konzentration auf den Energiefluss, vor allem in stillen \u00dcbungen wie dem kleinen Energiekreislauf, aber auch dem auf dieser Webseite beschriebenen Augen-Qigong. Insgesamt steht wohl eher der Aspekt, die Umgebung direkter zu erleben, &#8222;mit der uns umgebenden Energie in Interaktion zu treten&#8220;, im Vordergrund. Qigong macht uns feinf\u00fchliger, aufmerksamer, aber auch h\u00e4rter gegen\u00fcber Verf\u00fchrungen, die uns letztlich doch nur von unserem Weg abbringen.<\/p>\n\n\n\n<p class=\"has-drop-cap\"><strong><span class=\"has-inline-color has-light-green-cyan-color\">Eines sei an dieser Stelle noch erw\u00e4hnt: Da es wenige verl\u00e4ssliche Quellen zu diesem Thema gibt, ist vieles von diesem Abschnitt aus der pers\u00f6nlichen Erfahrung des Autors und daher subjektiv. Hier ist Eure Mithilfe gefragt, damit wir darauf objektives Wissen formen. Vielen Dank!!!<\/span><\/strong><\/p>\n\n\n\n<p>Die folgenden Beitr\u00e4ge habe ich dazu verfasst:<\/p>\n\n\n\n<p><a href=\"https:\/\/wbachleitner.ddns.net\/index.php\/2021\/03\/26\/grundlagen-von-qigong\/\">Grundlagen von Qigong<\/a><\/p>\n\n\n\n<p><a href=\"https:\/\/wbachleitner.ddns.net\/index.php\/2021\/03\/26\/klassifizierung-der-uebungen\/\">Klassifizierung der \u00dcbungen<\/a><\/p>\n\n\n\n<p><a href=\"https:\/\/wbachleitner.ddns.net\/index.php\/2021\/03\/26\/sport-aus-sicht-des-qigong\/\">Sport aus Sicht des Qigong<\/a><\/p>\n\n\n\n<p><a href=\"https:\/\/wbachleitner.ddns.net\/index.php\/2021\/03\/26\/krankmachende-faktoren-2\/\">Krankmachende Faktoren<\/a><\/p>\n\n\n\n<p><a href=\"https:\/\/wbachleitner.ddns.net\/index.php\/2021\/03\/26\/qigong-und-emotionen\/\">Qigong und Emotionen<\/a><\/p>\n\n\n\n<p><a href=\"https:\/\/wbachleitner.ddns.net\/index.php\/2021\/03\/26\/qigong-und-die-tcm-wie-passt-das-zusammen\/\">Qigong und die TCM, wie passt das zusammen?<\/a><\/p>\n\n\n\n<p><a href=\"https:\/\/wbachleitner.ddns.net\/index.php\/2021\/03\/26\/qigong-wirkung\/\">Qigong Wirkung<\/a><\/p>\n\n\n\n<h2 class=\"wp-block-heading\">Hier sind ausgew\u00e4hlte \u00dcbungen zu finden:<\/h2>\n\n\n\n<p><a href=\"https:\/\/wbachleitner.ddns.net\/index.php\/beispiel-seite\/\">Qigong-\u00dcbungen<\/a><\/p>\n\n\n<ol class=\"wp-block-footnotes\"><li id=\"b23602a0-8c65-405a-adc1-5a23a848cc56\">Vgl. Paoletti <a href=\"#b23602a0-8c65-405a-adc1-5a23a848cc56-link\" aria-label=\"Zur Fu\u00dfnotenreferenz 1 navigieren\">\u21a9\ufe0e<\/a><\/li><\/ol>","protected":false},"excerpt":{"rendered":"<p>Es ist faszinierend und l\u00e4sst mich nicht mehr los. Als ich damit in Ber\u00fchrung kam, machte es ein Freund sehr spannend. &#8222;Es ist geheim und ich wei\u00df nicht, ob ich es Dir sagen darf&#8220;. Das war 1993. Seither mache ich es praktisch t\u00e4glich, mit der Ausnahme einer Pause von ca. 5 Jahren. Danach waren meine &hellip; <\/p>\n<p class=\"link-more\"><a href=\"https:\/\/wbachleitner.ddns.net\/index.php\/qigong\/\" class=\"more-link\"><span class=\"screen-reader-text\">\u201eQigong\u201c<\/span> weiterlesen<\/a><\/p>\n","protected":false},"author":1,"featured_media":0,"parent":0,"menu_order":0,"comment_status":"closed","ping_status":"closed","template":"","meta":{"footnotes":"[{\"content\":\"Vgl. Paoletti\",\"id\":\"b23602a0-8c65-405a-adc1-5a23a848cc56\"}]"},"class_list":["post-231","page","type-page","status-publish","hentry"],"_links":{"self":[{"href":"https:\/\/wbachleitner.ddns.net\/index.php\/wp-json\/wp\/v2\/pages\/231","targetHints":{"allow":["GET"]}}],"collection":[{"href":"https:\/\/wbachleitner.ddns.net\/index.php\/wp-json\/wp\/v2\/pages"}],"about":[{"href":"https:\/\/wbachleitner.ddns.net\/index.php\/wp-json\/wp\/v2\/types\/page"}],"author":[{"embeddable":true,"href":"https:\/\/wbachleitner.ddns.net\/index.php\/wp-json\/wp\/v2\/users\/1"}],"replies":[{"embeddable":true,"href":"https:\/\/wbachleitner.ddns.net\/index.php\/wp-json\/wp\/v2\/comments?post=231"}],"version-history":[{"count":14,"href":"https:\/\/wbachleitner.ddns.net\/index.php\/wp-json\/wp\/v2\/pages\/231\/revisions"}],"predecessor-version":[{"id":543,"href":"https:\/\/wbachleitner.ddns.net\/index.php\/wp-json\/wp\/v2\/pages\/231\/revisions\/543"}],"wp:attachment":[{"href":"https:\/\/wbachleitner.ddns.net\/index.php\/wp-json\/wp\/v2\/media?parent=231"}],"curies":[{"name":"wp","href":"https:\/\/api.w.org\/{rel}","templated":true}]}}